
Suppose 0 = -2435*k + 2458*k - 371611. List the prime factors of k.
107, 151
Let v = -47164 - -66543. List the prime factors of v.
19379
Suppose 18 + 2 = 4*r. Suppose -15*s + 7562 - 62 = 0. Suppose -r*j = -0*j - s. List the prime factors of j.
2, 5
What are the prime factors of (-12)/(-126) - (-15847265)/735?
3, 7187
What are the prime factors of 9 + 4 + 6407 + -11?
13, 17, 29
Let p(l) = l**3 + 8*l**2 - 4*l + 3. Let y be p(-9). Let f be 3 + (-2 - 1) + 16. What are the prime factors of y/(-56) + 2/(f/1146)?
2, 3
Suppose -4*l - 20 = -4*t - 0, 14 = 2*t - l. Suppose 0 = -4*m - 3*u, -3*u = 3 + t. Suppose 10*h - 266 = m*h. What are the prime factors of h?
2, 19
Let j be 5388/11 + (-6)/(-33). Let a = 280 + -274. Suppose m = -a*m + j. List the prime factors of m.
2, 5, 7
What are the prime factors of 7 + ((-28746)/(-6) - 1)?
3, 13, 41
Suppose 21057 + 71151 = 9*r + 13152. List the prime factors of r.
2, 3, 61
Let l(p) = p**3 - 30*p**2 - 178*p + 245. List the prime factors of l(45).
2, 5, 7, 17, 19
Let t(j) = 2*j**2 + 96*j + 1304. List the prime factors of t(-17).
2, 5
Let f(i) = -9*i**3 + 4*i**2 - 13*i - 141. What are the prime factors of f(-10)?
41, 229
Let h = -15565 + 50272. What are the prime factors of h?
3, 23, 503
Suppose 3*t + 0*j + 4*j = 6, -2*j = 3*t - 12. Suppose -t + 2 = 2*q. List the prime factors of 1064/(-42)*6/q.
2, 19
Let x = -378 + 1013. Let n = -382 + x. List the prime factors of n.
11, 23
Suppose 49 = 2*o - 4*v - 3, -3*o = -5*v - 82. Suppose 4*y = 0, -4*q + o*y = 31*y - 3452. List the prime factors of q.
863
Let f = -48632 + 81230. List the prime factors of f.
2, 3, 1811
Suppose -17*g = -30*g - 845. What are the prime factors of (g + -7)*10/(-4)?
2, 3, 5
Let w be 1*(-5276)/(-10) - (-28)/70. Let p = -452 + w. List the prime factors of p.
2, 19
Let x be (1 + 2/(-3))/(21/315). Let l(c) = c**3 - c**2 + 3*c - 1. What are the prime factors of l(x)?
2, 3, 19
Let j(r) be the first derivative of 11 + 1/4*r**4 + r + 11/2*r**2 + 10/3*r**3. List the prime factors of j(-5).
71
Let r(m) = m**2 - 8*m + 19. Let j be r(5). Suppose 2544 = -j*c + 20*c. List the prime factors of c.
3, 53
Suppose 0 = w + 2*x - 8367, -6*w - 4*x - 41849 = -11*w. What are the prime factors of w?
8369
Suppose -85 - 73 = -o. List the prime factors of o*((-39)/(-2))/13.
3, 79
Let w be 2844 + -49 - 0*3/(-6). Suppose -5*b + 4*p = -w, -3*p - p = 0. List the prime factors of b.
13, 43
Let y be ((-4 - -5)*-254)/((-1)/2). Suppose y = 5*i + 2*q, 5*i - 400 = 2*q + 92. List the prime factors of i.
2, 5
Let d = -10922 + 22798. List the prime factors of d.
2, 2969
Let d(f) = 3*f + 2 + 3 - 5*f + f. Let b be d(2). Suppose -4*v + v + 9 = 0, 151 = o - b*v. What are the prime factors of o?
2, 5
Let d = 294 + -267. Suppose -o + 4*w + 409 = 0, d = -5*w + 7. What are the prime factors of o?
3, 131
Suppose 3*u + 114 = 3*k, -3*k = u - 39 - 59. Suppose 90*s + k = 92*s. What are the prime factors of s?
17
Suppose -6*x + 2*a - 11 = -x, -4*x = 5*a - 11. Let v(r) = -23*r**3 + 2*r**2 - r - 1. What are the prime factors of v(x)?
5
Suppose -5*j = -5*n - 365, 2*n - 3*n = -5*j + 53. Let m = -55 - n. List the prime factors of m.
23
Let u(y) = -11*y**3 - 5*y**2 + 57*y + 67. List the prime factors of u(-11).
2, 3, 1123
Let o be ((-30)/25)/(1 + (-428)/420). List the prime factors of 3*(-140)/o*486/(-4).
2, 3, 5
Let n = 148489 + -104819. What are the prime factors of n?
2, 5, 11, 397
Suppose r - 31 = -2*k + 4*r, 4*k = 5*r + 57. Let l be (-2)/k + 9/(-12). List the prime factors of (-20)/(-80) - (l - 303/4).
7, 11
Suppose 2093 + 382 = 5*h. Let p = -406 + h. List the prime factors of p.
89
Suppose -5*n = 4 + 11. What are the prime factors of (-1700)/(-6) + 1/n?
283
Suppose -46 = 4*n + 18. Let h be 2 + (n/(-4) - -596). Suppose 7*v - 5*s - 440 = 4*v, 4*v + s - h = 0. List the prime factors of v.
2, 3, 5
Let a(o) = -o**2 - 243*o + 38. Let c(h) = -122*h + 19. Let g(w) = -4*a(w) + 9*c(w). List the prime factors of g(36).
23, 29
Let b be (-24)/30*(-6260)/(-8). Let i = -593 - b. What are the prime factors of i?
3, 11
Let h be (-18198)/16 + (-42)/(-112). Let n = -641 - h. List the prime factors of n.
2, 31
Let s(o) = -16*o + 24. Let w(f) = f**2 + 1. Let n = -17 - -18. Let j(y) = n*w(y) + s(y). List the prime factors of j(23).
2, 3, 31
Let j be -340*(-4 - 12)/(0 + -5). Let g = 298 - j. Suppose -17*t - g = -23*t. What are the prime factors of t?
3, 7, 11
Suppose -3*v + 13*s - 14*s + 3265 = 0, 4*v = -8*s + 4360. List the prime factors of v.
2, 17
Let t(c) = -2121*c - 327. What are the prime factors of t(-3)?
2, 3, 503
Suppose -149*p = -158*p - 3*z + 326385, -5*p + 3*z + 181325 = 0. What are the prime factors of p?
5, 7253
Suppose 0 = -17*v + 6*v + 22. Suppose 5*l = 6*u - u, 0 = -u + v. Suppose 0 = l*r + 5*z - 197, -258 = -3*r + 4*z + z. List the prime factors of r.
7, 13
Let s(b) = -442*b - 1. Let h be s(-1). Suppose -2*a - h = 5*a. Let j = a - -116. What are the prime factors of j?
53
List the prime factors of (-4834)/((-1)/10 + (12 - (-754)/(-60))).
3, 2417
Suppose -11 = -2*z - 101. Let q be 2/5 - (-10638)/z. Let n = -151 - q. What are the prime factors of n?
5, 17
Let i be 12*-2*(-4)/(-16). Let u be -6*4/i*-2. List the prime factors of 100 + (-4 - (4 + u)).
2, 5
Let i be -4 - -2 - (1 + -29)*1. Let s(v) = v**3 - 23*v**2 - 53*v - 9. What are the prime factors of s(i)?
641
Suppose 8272 = -1591*g + 1599*g. What are the prime factors of g?
2, 11, 47
Let r(v) = v + 29. Let t be r(-27). Suppose 0 = -l + q - 3, -5*q + 3 = -t. List the prime factors of 2/(-6) - (-56)/(-12)*l.
3
Let b = 34 + -7. Suppose -3*u + 12*u = b. What are the prime factors of (-7 + 4)/u + 68?
67
Let h = -1296 - 223. What are the prime factors of (h/(-7) - -4) + -4?
7, 31
List the prime factors of (-3)/(-4) + 21/(-14) + 545436/16.
3, 11, 1033
Let c(m) = 22*m + 19. Let n(z) = -54*z - 38. Let x(a) = -14*c(a) - 6*n(a). Suppose 0*w - 6 = -w. What are the prime factors of x(w)?
2, 29
Suppose 5061 = q + 6*q. Let a = q - 512. List the prime factors of a.
211
Let z = -78 + 26. Let l = z - -73. Suppose -12 - l = -t. What are the prime factors of t?
3, 11
Let t = 16333 + -8377. List the prime factors of t.
2, 3, 13, 17
Let k be (-78)/10 - 36/(-45). Let r be (k + 7)/((-2)/1). Suppose -3*a - m + 289 = r, 3*a - 215 - 78 = -5*m. List the prime factors of a.
2, 3
Suppose -16512 = -9*f + 5*f. Suppose -9*d - f = -13*d. Suppose -77 + d = 5*j. What are the prime factors of j?
191
Suppose q + 2*q + 203 = 4*n, -4*q - 308 = 4*n. Let h = q - -354. Suppose 2*t - h = -41. What are the prime factors of t?
2, 3, 5
Suppose 3*r = -17 + 23, -4*p + 15500 = -4*r. What are the prime factors of p?
3877
Let g(t) = -6*t - 49. Suppose -16 = 5*z + 29. Let a be g(z). Suppose -5*m = -m - 4*c - 680, 4*c = -a*m + 886. List the prime factors of m.
2, 3, 29
Let d(g) = 27*g + 404. Let o be d(-19). Let s = 105 - o. List the prime factors of s.
2, 107
Let r = 11817 - 1809. What are the prime factors of r?
2, 3, 139
Let k(u) = -u**3 + 5*u**2 - u + 5. Let j be k(3). Suppose -12*q - 3648 = -j*q. Suppose 85 = -7*v + q. List the prime factors of v.
53
Let b(p) = 1435*p + 12751. List the prime factors of b(0).
41, 311
Suppose 9*y - y = 24. Suppose y*u - 343 = 29. List the prime factors of u.
2, 31
Suppose -36 = 22*k - 31*k. Suppose -9*l - 2*c = -13*l + 38, 0 = l - k*c - 27. List the prime factors of l.
7
Let w be (-2)/8 - (-119)/28. Let t be (-36)/(-27) + w/6. Suppose 3*s + 2*s + x = 550, 0 = t*s - x - 220. List the prime factors of s.
2, 5, 11
Suppose -6*y + 3995 = -20643 - 25396. List the prime factors of y.
31, 269
Suppose 8*c - 108 = -4*c. Suppose c*i - 14*i = -15. Suppose -3*z = -i*j + 90, -5*j + 3*z = -0*z - 152. List the prime factors of j.
31
Let z(g) = 4*g**2 + 151*g - 813. What are the prime factors of z(-67)?
2, 3, 1171
Suppose 3*c - 26530 = 4*h, 2*c - 43*h = -38*h + 17696. What are the prime factors of c?
2, 3, 491
Let x(z) = 0*z**3 - 66 + z**3 + 0*z - 6*z - 37*z**2 + 2*z**2. What are the prime factors of x(36)?
2, 3, 13
Let c = 48 + -62. Let w = c + 20. Suppose 2*v - r = 294, 2*v + 590 = w*v - r. What are the prime factors of v?
2, 37
Suppose 10*y = -9*y + 95. Suppose -5*c + 664 = 4*a, -704 = -0*a - 4*a + y*c. List the prime factors of a.
3, 19
Suppose 50 = -7*h + 2*h. Suppose -4*p + 0 - 4 = 